{"id":113,"date":"2023-11-11T19:05:15","date_gmt":"2023-11-11T19:05:15","guid":{"rendered":"https:\/\/rosarioyoracion.com\/?page_id=113"},"modified":"2023-12-04T09:16:50","modified_gmt":"2023-12-04T09:16:50","slug":"noticias","status":"publish","type":"page","link":"https:\/\/rosarioyoracion.com\/?page_id=113","title":{"rendered":"Noticias"},"content":{"rendered":"\t\t<div data-elementor-type=\"wp-page\" data-elementor-id=\"113\" class=\"elementor elementor-113\" data-elementor-post-type=\"page\">\n\t\t\t\t<div class=\"elementor-element elementor-element-eb73513 e-flex e-con-boxed e-con e-parent\" data-id=\"eb73513\" data-element_type=\"container\" data-e-type=\"container\">\n\t\t\t\t\t<div class=\"e-con-inner\">\n\t\t\t\t<div class=\"elementor-element elementor-element-15d7ec0 elementor-grid-3 elementor-grid-tablet-2 elementor-grid-mobile-1 elementor-posts--thumbnail-top elementor-widget elementor-widget-posts\" data-id=\"15d7ec0\" data-element_type=\"widget\" data-e-type=\"widget\" data-settings=\"{&quot;pagination_type&quot;:&quot;numbers&quot;,&quot;classic_columns&quot;:&quot;3&quot;,&quot;classic_columns_tablet&quot;:&quot;2&quot;,&quot;classic_columns_mobile&quot;:&quot;1&quot;,&quot;classic_row_gap&quot;:{&quot;unit&quot;:&quot;px&quot;,&quot;size&quot;:35,&quot;sizes&quot;:[]},&quot;classic_row_gap_tablet&quot;:{&quot;unit&quot;:&quot;px&quot;,&quot;size&quot;:&quot;&quot;,&quot;sizes&quot;:[]},&quot;classic_row_gap_mobile&quot;:{&quot;unit&quot;:&quot;px&quot;,&quot;size&quot;:&quot;&quot;,&quot;sizes&quot;:[]}}\" data-widget_type=\"posts.classic\">\n\t\t\t\t<div class=\"elementor-widget-container\">\n\t\t\t\t\t\t\t<div class=\"elementor-posts-container elementor-posts elementor-posts--skin-classic elementor-grid\" role=\"list\">\n\t\t\t\t<article class=\"elementor-post elementor-grid-item post-2390 post type-post status-publish format-standard has-post-thumbnail hentry category-agenda category-uncategorized\" role=\"listitem\">\n\t\t\t\t<a class=\"elementor-post__thumbnail__link\" href=\"https:\/\/rosarioyoracion.com\/?p=2390\" tabindex=\"-1\" >\n\t\t\t<div class=\"elementor-post__thumbnail\"><img fetchpriority=\"high\" decoding=\"async\" width=\"300\" height=\"300\" src=\"https:\/\/rosarioyoracion.com\/wp-content\/uploads\/2026\/05\/687021587_951267004201108_8368284170688489521_n-300x300.jpg\" class=\"attachment-medium size-medium wp-image-2391\" alt=\"\" srcset=\"https:\/\/rosarioyoracion.com\/wp-content\/uploads\/2026\/05\/687021587_951267004201108_8368284170688489521_n-300x300.jpg 300w, https:\/\/rosarioyoracion.com\/wp-content\/uploads\/2026\/05\/687021587_951267004201108_8368284170688489521_n-1024x1024.jpg 1024w, https:\/\/rosarioyoracion.com\/wp-content\/uploads\/2026\/05\/687021587_951267004201108_8368284170688489521_n-150x150.jpg 150w, https:\/\/rosarioyoracion.com\/wp-content\/uploads\/2026\/05\/687021587_951267004201108_8368284170688489521_n-768x768.jpg 768w, https:\/\/rosarioyoracion.com\/wp-content\/uploads\/2026\/05\/687021587_951267004201108_8368284170688489521_n.jpg 1080w\" sizes=\"(max-width: 300px) 100vw, 300px\" \/><\/div>\n\t\t<\/a>\n\t\t\t\t<div class=\"elementor-post__text\">\n\t\t\t\t<h3 class=\"elementor-post__title\">\n\t\t\t<a href=\"https:\/\/rosarioyoracion.com\/?p=2390\" >\n\t\t\t\t7 DE MAYO, MISA DE HERMANDAD\t\t\t<\/a>\n\t\t<\/h3>\n\t\t\t\t<div class=\"elementor-post__meta-data\">\n\t\t\t\t\t<span class=\"elementor-post-date\">\n\t\t\tmayo 4, 2026\t\t<\/span>\n\t\t\t\t<span class=\"elementor-post-avatar\">\n\t\t\tNo hay comentarios\t\t<\/span>\n\t\t\t\t<\/div>\n\t\t\t\t<div class=\"elementor-post__excerpt\">\n\t\t\t<p>Con motivo de la Conmemoraci\u00f3n de la Festividad de Mar\u00eda Sant\u00edsima del Rosario, el pr\u00f3ximo jueves 7 de mayo celebraremos nuestra Misa de Hermandad. Comenzar\u00e1<\/p>\n\t\t<\/div>\n\t\t\n\t\t<a class=\"elementor-post__read-more\" href=\"https:\/\/rosarioyoracion.com\/?p=2390\" aria-label=\"Read more about 7 DE MAYO, MISA DE HERMANDAD\" tabindex=\"-1\" >\n\t\t\tRead More \u00bb\t\t<\/a>\n\n\t\t\t\t<\/div>\n\t\t\t\t<\/article>\n\t\t\t\t<article class=\"elementor-post elementor-grid-item post-2387 post type-post status-publish format-standard has-post-thumbnail hentry category-agenda category-uncategorized\" role=\"listitem\">\n\t\t\t\t<a class=\"elementor-post__thumbnail__link\" href=\"https:\/\/rosarioyoracion.com\/?p=2387\" tabindex=\"-1\" >\n\t\t\t<div class=\"elementor-post__thumbnail\"><img decoding=\"async\" width=\"240\" height=\"300\" src=\"https:\/\/rosarioyoracion.com\/wp-content\/uploads\/2026\/05\/685468492_950115050982970_2968779718459262954_n-240x300.jpg\" class=\"attachment-medium size-medium wp-image-2388\" alt=\"\" srcset=\"https:\/\/rosarioyoracion.com\/wp-content\/uploads\/2026\/05\/685468492_950115050982970_2968779718459262954_n-240x300.jpg 240w, https:\/\/rosarioyoracion.com\/wp-content\/uploads\/2026\/05\/685468492_950115050982970_2968779718459262954_n-819x1024.jpg 819w, https:\/\/rosarioyoracion.com\/wp-content\/uploads\/2026\/05\/685468492_950115050982970_2968779718459262954_n-768x960.jpg 768w, https:\/\/rosarioyoracion.com\/wp-content\/uploads\/2026\/05\/685468492_950115050982970_2968779718459262954_n.jpg 1080w\" sizes=\"(max-width: 240px) 100vw, 240px\" \/><\/div>\n\t\t<\/a>\n\t\t\t\t<div class=\"elementor-post__text\">\n\t\t\t\t<h3 class=\"elementor-post__title\">\n\t\t\t<a href=\"https:\/\/rosarioyoracion.com\/?p=2387\" >\n\t\t\t\tS\u00c1BADO 9 DE MAYO \u00b7 CRUZ DE MAYO DEL ROSARIO\t\t\t<\/a>\n\t\t<\/h3>\n\t\t\t\t<div class=\"elementor-post__meta-data\">\n\t\t\t\t\t<span class=\"elementor-post-date\">\n\t\t\tmayo 3, 2026\t\t<\/span>\n\t\t\t\t<span class=\"elementor-post-avatar\">\n\t\t\tNo hay comentarios\t\t<\/span>\n\t\t\t\t<\/div>\n\t\t\t\t<div class=\"elementor-post__excerpt\">\n\t\t\t<p>\u00a1Se acerca uno de los d\u00edas m\u00e1s especiales para nuestra Hermandad! El pr\u00f3ximo s\u00e1bado tendr\u00e1 lugar la salida de la Cruz de Mayo, dando comienzo<\/p>\n\t\t<\/div>\n\t\t\n\t\t<a class=\"elementor-post__read-more\" href=\"https:\/\/rosarioyoracion.com\/?p=2387\" aria-label=\"Read more about S\u00c1BADO 9 DE MAYO \u00b7 CRUZ DE MAYO DEL ROSARIO\" tabindex=\"-1\" >\n\t\t\tRead More \u00bb\t\t<\/a>\n\n\t\t\t\t<\/div>\n\t\t\t\t<\/article>\n\t\t\t\t<article class=\"elementor-post elementor-grid-item post-2383 post type-post status-publish format-standard has-post-thumbnail hentry category-agenda category-uncategorized\" role=\"listitem\">\n\t\t\t\t<a class=\"elementor-post__thumbnail__link\" href=\"https:\/\/rosarioyoracion.com\/?p=2383\" tabindex=\"-1\" >\n\t\t\t<div class=\"elementor-post__thumbnail\"><img decoding=\"async\" width=\"300\" height=\"200\" src=\"https:\/\/rosarioyoracion.com\/wp-content\/uploads\/2026\/05\/681278563_946871511307324_8390757756926013016_n-1-300x200.jpg\" class=\"attachment-medium size-medium wp-image-2385\" alt=\"\" srcset=\"https:\/\/rosarioyoracion.com\/wp-content\/uploads\/2026\/05\/681278563_946871511307324_8390757756926013016_n-1-300x200.jpg 300w, https:\/\/rosarioyoracion.com\/wp-content\/uploads\/2026\/05\/681278563_946871511307324_8390757756926013016_n-1-1024x683.jpg 1024w, https:\/\/rosarioyoracion.com\/wp-content\/uploads\/2026\/05\/681278563_946871511307324_8390757756926013016_n-1-768x512.jpg 768w, https:\/\/rosarioyoracion.com\/wp-content\/uploads\/2026\/05\/681278563_946871511307324_8390757756926013016_n-1-1536x1025.jpg 1536w, https:\/\/rosarioyoracion.com\/wp-content\/uploads\/2026\/05\/681278563_946871511307324_8390757756926013016_n-1-1320x880.jpg 1320w, https:\/\/rosarioyoracion.com\/wp-content\/uploads\/2026\/05\/681278563_946871511307324_8390757756926013016_n-1.jpg 2048w\" sizes=\"(max-width: 300px) 100vw, 300px\" \/><\/div>\n\t\t<\/a>\n\t\t\t\t<div class=\"elementor-post__text\">\n\t\t\t\t<h3 class=\"elementor-post__title\">\n\t\t\t<a href=\"https:\/\/rosarioyoracion.com\/?p=2383\" >\n\t\t\t\tN.H.D. ENRIQUE RUIZ PORTILLO, DESIGNADO MIEMBRO DEL CONSEJO ASESOR DEL OBSERVATORIO DE LA PIEDAD POPULAR\t\t\t<\/a>\n\t\t<\/h3>\n\t\t\t\t<div class=\"elementor-post__meta-data\">\n\t\t\t\t\t<span class=\"elementor-post-date\">\n\t\t\tabril 28, 2026\t\t<\/span>\n\t\t\t\t<span class=\"elementor-post-avatar\">\n\t\t\tNo hay comentarios\t\t<\/span>\n\t\t\t\t<\/div>\n\t\t\t\t<div class=\"elementor-post__excerpt\">\n\t\t\t<p>La Hermandad del Rosario quiere expresar su alegr\u00eda y orgullo por la designaci\u00f3n de nuestro hermano Enrique Ruiz Portillo como miembro del Consejo Asesor del<\/p>\n\t\t<\/div>\n\t\t\n\t\t<a class=\"elementor-post__read-more\" href=\"https:\/\/rosarioyoracion.com\/?p=2383\" aria-label=\"Read more about N.H.D. ENRIQUE RUIZ PORTILLO, DESIGNADO MIEMBRO DEL CONSEJO ASESOR DEL OBSERVATORIO DE LA PIEDAD POPULAR\" tabindex=\"-1\" >\n\t\t\tRead More \u00bb\t\t<\/a>\n\n\t\t\t\t<\/div>\n\t\t\t\t<\/article>\n\t\t\t\t<article class=\"elementor-post elementor-grid-item post-2371 post type-post status-publish format-standard has-post-thumbnail hentry category-agenda category-uncategorized\" role=\"listitem\">\n\t\t\t\t<a class=\"elementor-post__thumbnail__link\" href=\"https:\/\/rosarioyoracion.com\/?p=2371\" tabindex=\"-1\" >\n\t\t\t<div class=\"elementor-post__thumbnail\"><img loading=\"lazy\" decoding=\"async\" width=\"300\" height=\"225\" src=\"https:\/\/rosarioyoracion.com\/wp-content\/uploads\/2026\/05\/670493075_18313667968285694_4086980733690479829_n-300x225.jpg\" class=\"attachment-medium size-medium wp-image-2372\" alt=\"\" srcset=\"https:\/\/rosarioyoracion.com\/wp-content\/uploads\/2026\/05\/670493075_18313667968285694_4086980733690479829_n-300x225.jpg 300w, https:\/\/rosarioyoracion.com\/wp-content\/uploads\/2026\/05\/670493075_18313667968285694_4086980733690479829_n-1024x768.jpg 1024w, https:\/\/rosarioyoracion.com\/wp-content\/uploads\/2026\/05\/670493075_18313667968285694_4086980733690479829_n-768x576.jpg 768w, https:\/\/rosarioyoracion.com\/wp-content\/uploads\/2026\/05\/670493075_18313667968285694_4086980733690479829_n-1320x990.jpg 1320w, https:\/\/rosarioyoracion.com\/wp-content\/uploads\/2026\/05\/670493075_18313667968285694_4086980733690479829_n.jpg 1440w\" sizes=\"(max-width: 300px) 100vw, 300px\" \/><\/div>\n\t\t<\/a>\n\t\t\t\t<div class=\"elementor-post__text\">\n\t\t\t\t<h3 class=\"elementor-post__title\">\n\t\t\t<a href=\"https:\/\/rosarioyoracion.com\/?p=2371\" >\n\t\t\t\tCHARLA COLOQUIO HISTORIA DE LA HERMANDAD\t\t\t<\/a>\n\t\t<\/h3>\n\t\t\t\t<div class=\"elementor-post__meta-data\">\n\t\t\t\t\t<span class=\"elementor-post-date\">\n\t\t\tabril 17, 2026\t\t<\/span>\n\t\t\t\t<span class=\"elementor-post-avatar\">\n\t\t\tNo hay comentarios\t\t<\/span>\n\t\t\t\t<\/div>\n\t\t\t\t<div class=\"elementor-post__excerpt\">\n\t\t\t<p>Ayer vivimos una tarde noche muy especial con motivo de la charla-coloquio sobre la historia de nuestra Hermandad, enmarcada en la celebraci\u00f3n de su 60<\/p>\n\t\t<\/div>\n\t\t\n\t\t<a class=\"elementor-post__read-more\" href=\"https:\/\/rosarioyoracion.com\/?p=2371\" aria-label=\"Read more about CHARLA COLOQUIO HISTORIA DE LA HERMANDAD\" tabindex=\"-1\" >\n\t\t\tRead More \u00bb\t\t<\/a>\n\n\t\t\t\t<\/div>\n\t\t\t\t<\/article>\n\t\t\t\t<article class=\"elementor-post elementor-grid-item post-2380 post type-post status-publish format-standard has-post-thumbnail hentry category-agenda category-uncategorized\" role=\"listitem\">\n\t\t\t\t<a class=\"elementor-post__thumbnail__link\" href=\"https:\/\/rosarioyoracion.com\/?p=2380\" tabindex=\"-1\" >\n\t\t\t<div class=\"elementor-post__thumbnail\"><img loading=\"lazy\" decoding=\"async\" width=\"240\" height=\"300\" src=\"https:\/\/rosarioyoracion.com\/wp-content\/uploads\/2026\/05\/671826772_936485709012571_4426074525414579663_n-240x300.jpg\" class=\"attachment-medium size-medium wp-image-2381\" alt=\"\" srcset=\"https:\/\/rosarioyoracion.com\/wp-content\/uploads\/2026\/05\/671826772_936485709012571_4426074525414579663_n-240x300.jpg 240w, https:\/\/rosarioyoracion.com\/wp-content\/uploads\/2026\/05\/671826772_936485709012571_4426074525414579663_n-819x1024.jpg 819w, https:\/\/rosarioyoracion.com\/wp-content\/uploads\/2026\/05\/671826772_936485709012571_4426074525414579663_n-768x960.jpg 768w, https:\/\/rosarioyoracion.com\/wp-content\/uploads\/2026\/05\/671826772_936485709012571_4426074525414579663_n.jpg 1080w\" sizes=\"(max-width: 240px) 100vw, 240px\" \/><\/div>\n\t\t<\/a>\n\t\t\t\t<div class=\"elementor-post__text\">\n\t\t\t\t<h3 class=\"elementor-post__title\">\n\t\t\t<a href=\"https:\/\/rosarioyoracion.com\/?p=2380\" >\n\t\t\t\tIGUAL\u00c1 DE COSTALEROS DE DON BOSCO\t\t\t<\/a>\n\t\t<\/h3>\n\t\t\t\t<div class=\"elementor-post__meta-data\">\n\t\t\t\t\t<span class=\"elementor-post-date\">\n\t\t\tabril 16, 2026\t\t<\/span>\n\t\t\t\t<span class=\"elementor-post-avatar\">\n\t\t\tNo hay comentarios\t\t<\/span>\n\t\t\t\t<\/div>\n\t\t\t\t<div class=\"elementor-post__excerpt\">\n\t\t\t<p>Informamos que el pr\u00f3ximo mi\u00e9rcoles 29 de abril a las 20:30h en la Casa de Hermandad, tendr\u00e1 lugar la igual\u00e1 de costaleros del paso de<\/p>\n\t\t<\/div>\n\t\t\n\t\t<a class=\"elementor-post__read-more\" href=\"https:\/\/rosarioyoracion.com\/?p=2380\" aria-label=\"Read more about IGUAL\u00c1 DE COSTALEROS DE DON BOSCO\" tabindex=\"-1\" >\n\t\t\tRead More \u00bb\t\t<\/a>\n\n\t\t\t\t<\/div>\n\t\t\t\t<\/article>\n\t\t\t\t<article class=\"elementor-post elementor-grid-item post-2368 post type-post status-publish format-standard has-post-thumbnail hentry category-agenda category-uncategorized\" role=\"listitem\">\n\t\t\t\t<a class=\"elementor-post__thumbnail__link\" href=\"https:\/\/rosarioyoracion.com\/?p=2368\" tabindex=\"-1\" >\n\t\t\t<div class=\"elementor-post__thumbnail\"><img loading=\"lazy\" decoding=\"async\" width=\"300\" height=\"300\" src=\"https:\/\/rosarioyoracion.com\/wp-content\/uploads\/2026\/05\/671702747_937331738927968_3461042814354899124_n-300x300.jpg\" class=\"attachment-medium size-medium wp-image-2369\" alt=\"\" srcset=\"https:\/\/rosarioyoracion.com\/wp-content\/uploads\/2026\/05\/671702747_937331738927968_3461042814354899124_n-300x300.jpg 300w, https:\/\/rosarioyoracion.com\/wp-content\/uploads\/2026\/05\/671702747_937331738927968_3461042814354899124_n-1024x1024.jpg 1024w, https:\/\/rosarioyoracion.com\/wp-content\/uploads\/2026\/05\/671702747_937331738927968_3461042814354899124_n-150x150.jpg 150w, https:\/\/rosarioyoracion.com\/wp-content\/uploads\/2026\/05\/671702747_937331738927968_3461042814354899124_n-768x768.jpg 768w, https:\/\/rosarioyoracion.com\/wp-content\/uploads\/2026\/05\/671702747_937331738927968_3461042814354899124_n.jpg 1200w\" sizes=\"(max-width: 300px) 100vw, 300px\" \/><\/div>\n\t\t<\/a>\n\t\t\t\t<div class=\"elementor-post__text\">\n\t\t\t\t<h3 class=\"elementor-post__title\">\n\t\t\t<a href=\"https:\/\/rosarioyoracion.com\/?p=2368\" >\n\t\t\t\tEL TRABAJO CONTIN\u00daA EN ORFEBRER\u00cdA VILLAREAL\t\t\t<\/a>\n\t\t<\/h3>\n\t\t\t\t<div class=\"elementor-post__meta-data\">\n\t\t\t\t\t<span class=\"elementor-post-date\">\n\t\t\tabril 16, 2026\t\t<\/span>\n\t\t\t\t<span class=\"elementor-post-avatar\">\n\t\t\tNo hay comentarios\t\t<\/span>\n\t\t\t\t<\/div>\n\t\t\t\t<div class=\"elementor-post__excerpt\">\n\t\t\t<p>Nuestra Hermandad sigue avanzando con ilusi\u00f3n en la ejecuci\u00f3n de los respiraderos del palio de Mar\u00eda Sant\u00edsima del Rosario, que siguen tomando forma en el<\/p>\n\t\t<\/div>\n\t\t\n\t\t<a class=\"elementor-post__read-more\" href=\"https:\/\/rosarioyoracion.com\/?p=2368\" aria-label=\"Read more about EL TRABAJO CONTIN\u00daA EN ORFEBRER\u00cdA VILLAREAL\" tabindex=\"-1\" >\n\t\t\tRead More \u00bb\t\t<\/a>\n\n\t\t\t\t<\/div>\n\t\t\t\t<\/article>\n\t\t\t\t<\/div>\n\t\t\n\t\t\t\t<div class=\"e-load-more-anchor\" data-page=\"1\" data-max-page=\"46\" data-next-page=\"https:\/\/rosarioyoracion.com\/index.php?rest_route=%2Fwp%2Fv2%2Fpages%2F113&#038;paged=2\"><\/div>\n\t\t\t\t<nav class=\"elementor-pagination\" aria-label=\"Pagination\">\n\t\t\t<span aria-current=\"page\" class=\"page-numbers current\"><span class=\"elementor-screen-only\">Page<\/span>1<\/span>\n<a class=\"page-numbers\" href=\"https:\/\/rosarioyoracion.com\/index.php\/?paged=2\"><span class=\"elementor-screen-only\">Page<\/span>2<\/a>\n<a class=\"page-numbers\" href=\"https:\/\/rosarioyoracion.com\/index.php\/?paged=3\"><span class=\"elementor-screen-only\">Page<\/span>3<\/a>\n<a class=\"page-numbers\" href=\"https:\/\/rosarioyoracion.com\/index.php\/?paged=4\"><span class=\"elementor-screen-only\">Page<\/span>4<\/a>\n<a class=\"page-numbers\" href=\"https:\/\/rosarioyoracion.com\/index.php\/?paged=5\"><span class=\"elementor-screen-only\">Page<\/span>5<\/a>\t\t<\/nav>\n\t\t\t\t\t\t<\/div>\n\t\t\t\t<\/div>\n\t\t\t\t\t<\/div>\n\t\t\t\t<\/div>\n\t\t\t\t<\/div>\n\t\t","protected":false},"excerpt":{"rendered":"","protected":false},"author":1,"featured_media":0,"parent":0,"menu_order":0,"comment_status":"closed","ping_status":"closed","template":"","meta":{"_monsterinsights_skip_tracking":false,"_monsterinsights_sitenote_active":false,"_monsterinsights_sitenote_note":"","_monsterinsights_sitenote_category":0,"footnotes":""},"class_list":["post-113","page","type-page","status-publish","hentry"],"jetpack_sharing_enabled":true,"_links":{"self":[{"href":"https:\/\/rosarioyoracion.com\/index.php?rest_route=\/wp\/v2\/pages\/113","targetHints":{"allow":["GET"]}}],"collection":[{"href":"https:\/\/rosarioyoracion.com\/index.php?rest_route=\/wp\/v2\/pages"}],"about":[{"href":"https:\/\/rosarioyoracion.com\/index.php?rest_route=\/wp\/v2\/types\/page"}],"author":[{"embeddable":true,"href":"https:\/\/rosarioyoracion.com\/index.php?rest_route=\/wp\/v2\/users\/1"}],"replies":[{"embeddable":true,"href":"https:\/\/rosarioyoracion.com\/index.php?rest_route=%2Fwp%2Fv2%2Fcomments&post=113"}],"version-history":[{"count":4,"href":"https:\/\/rosarioyoracion.com\/index.php?rest_route=\/wp\/v2\/pages\/113\/revisions"}],"predecessor-version":[{"id":886,"href":"https:\/\/rosarioyoracion.com\/index.php?rest_route=\/wp\/v2\/pages\/113\/revisions\/886"}],"wp:attachment":[{"href":"https:\/\/rosarioyoracion.com\/index.php?rest_route=%2Fwp%2Fv2%2Fmedia&parent=113"}],"curies":[{"name":"wp","href":"https:\/\/api.w.org\/{rel}","templated":true}]}}