{"id":776,"date":"2023-12-01T13:36:52","date_gmt":"2023-12-01T13:36:52","guid":{"rendered":"https:\/\/rosarioyoracion.com\/?page_id=776"},"modified":"2023-12-08T07:18:26","modified_gmt":"2023-12-08T07:18:26","slug":"nuestro-padre-jesus-de-la-oracion-en-el-huerto","status":"publish","type":"page","link":"https:\/\/rosarioyoracion.com\/?page_id=776","title":{"rendered":"Nuestro Padre Jes\u00fas de la Oraci\u00f3n en el Huerto"},"content":{"rendered":"\t\t<div data-elementor-type=\"wp-page\" data-elementor-id=\"776\" class=\"elementor elementor-776\" data-elementor-post-type=\"page\">\n\t\t\t\t<div class=\"elementor-element elementor-element-5b2a7ea5 e-flex e-con-boxed e-con e-parent\" data-id=\"5b2a7ea5\" data-element_type=\"container\" data-e-type=\"container\">\n\t\t\t\t\t<div class=\"e-con-inner\">\n\t\t\t\t<div class=\"elementor-element elementor-element-20db346 elementor-widget elementor-widget-image\" data-id=\"20db346\" data-element_type=\"widget\" data-e-type=\"widget\" data-widget_type=\"image.default\">\n\t\t\t\t<div class=\"elementor-widget-container\">\n\t\t\t\t\t\t\t\t\t\t\t\t\t\t\t<img fetchpriority=\"high\" decoding=\"async\" width=\"800\" height=\"616\" src=\"https:\/\/rosarioyoracion.com\/wp-content\/uploads\/2023\/11\/slider1-1024x788.png\" class=\"attachment-large size-large wp-image-280\" alt=\"\" srcset=\"https:\/\/rosarioyoracion.com\/wp-content\/uploads\/2023\/11\/slider1-1024x788.png 1024w, https:\/\/rosarioyoracion.com\/wp-content\/uploads\/2023\/11\/slider1-300x231.png 300w, https:\/\/rosarioyoracion.com\/wp-content\/uploads\/2023\/11\/slider1-768x591.png 768w, https:\/\/rosarioyoracion.com\/wp-content\/uploads\/2023\/11\/slider1.png 1066w\" sizes=\"(max-width: 800px) 100vw, 800px\" \/>\t\t\t\t\t\t\t\t\t\t\t\t\t\t\t<\/div>\n\t\t\t\t<\/div>\n\t\t\t\t<div class=\"elementor-element elementor-element-56474dc2 elementor-widget elementor-widget-text-editor\" data-id=\"56474dc2\" data-element_type=\"widget\" data-e-type=\"widget\" data-widget_type=\"text-editor.default\">\n\t\t\t\t<div class=\"elementor-widget-container\">\n\t\t\t\t\t\t\t\t\t\u201c<em>Entonces vino Jes\u00fas con ellos a un lugar llamado Getseman\u00ed y les dijo: Sentaos aqu\u00ed mientras voy a orar. Y tomando a Pedro y a los dos hijos de Zebedeo comenz\u00f3 a entristecerse y a angustiarse. Entonces les dijo: Triste est\u00e1 mi alma hasta la muerte; quedaos aqu\u00ed y velad conmigo. Y adelant\u00e1ndose un poco se postr\u00f3 sobre su rostro, orando y diciendo: Padre m\u00edo si es posible que pase de m\u00ed este c\u00e1liz; sin embargo no se haga como yo quiero sino como quieres t\u00fa.\u201d<\/em> Mateo 26, 36-39.\n<div>\n\nEste pasaje Evang\u00e9lico tiene como Prefiguras B\u00edblicas en el Antiguo Testamento al Profeta El\u00edas reconfortado por un \u00e1ngel a la sombra de un enebro y tambi\u00e9n a Abraham aceptando el sacrificio de su hijo Isaac.\n\n<\/div>\nLa imagen del Sant\u00edsimo Cristo representa a\u00a0Jes\u00fas orando en el huerto de los olivos, mientras es confortado por un \u00e1ngel. Jes\u00fas se muestra arrodillado, con la mirada hacia arriba y las manos abiertas en actitud de plegaria. Sufre la hematidrosis, sudor de sangre provocado por la angustia del amargo momento.\n<div>\n\nCompleta su misterio\u00a0un \u00e1ngel confortador y los ap\u00f3stoles Juan, Pedro y Santiago que aparecen dormidos.\n\n<\/div>\t\t\t\t\t\t\t\t<\/div>\n\t\t\t\t<\/div>\n\t\t\t\t\t<\/div>\n\t\t\t\t<\/div>\n\t\t<div class=\"elementor-element elementor-element-08c5048 e-flex e-con-boxed e-con e-parent\" data-id=\"08c5048\" data-element_type=\"container\" data-e-type=\"container\">\n\t\t\t\t\t<div class=\"e-con-inner\">\n\t\t\t\t\t<\/div>\n\t\t\t\t<\/div>\n\t\t\t\t<\/div>\n\t\t","protected":false},"excerpt":{"rendered":"<p>\u201cEntonces vino Jes\u00fas con ellos a un lugar llamado Getseman\u00ed y les dijo: Sentaos aqu\u00ed mientras voy a orar. Y tomando a Pedro y a los dos hijos de Zebedeo comenz\u00f3 a entristecerse y a angustiarse. Entonces les dijo: Triste est\u00e1 mi alma hasta la muerte; quedaos aqu\u00ed y velad conmigo. Y adelant\u00e1ndose un poco [&hellip;]<\/p>\n","protected":false},"author":2,"featured_media":0,"parent":0,"menu_order":0,"comment_status":"closed","ping_status":"closed","template":"","meta":{"_monsterinsights_skip_tracking":false,"_monsterinsights_sitenote_active":false,"_monsterinsights_sitenote_note":"","_monsterinsights_sitenote_category":0,"footnotes":""},"class_list":["post-776","page","type-page","status-publish","hentry"],"jetpack_sharing_enabled":true,"_links":{"self":[{"href":"https:\/\/rosarioyoracion.com\/index.php?rest_route=\/wp\/v2\/pages\/776","targetHints":{"allow":["GET"]}}],"collection":[{"href":"https:\/\/rosarioyoracion.com\/index.php?rest_route=\/wp\/v2\/pages"}],"about":[{"href":"https:\/\/rosarioyoracion.com\/index.php?rest_route=\/wp\/v2\/types\/page"}],"author":[{"embeddable":true,"href":"https:\/\/rosarioyoracion.com\/index.php?rest_route=\/wp\/v2\/users\/2"}],"replies":[{"embeddable":true,"href":"https:\/\/rosarioyoracion.com\/index.php?rest_route=%2Fwp%2Fv2%2Fcomments&post=776"}],"version-history":[{"count":4,"href":"https:\/\/rosarioyoracion.com\/index.php?rest_route=\/wp\/v2\/pages\/776\/revisions"}],"predecessor-version":[{"id":933,"href":"https:\/\/rosarioyoracion.com\/index.php?rest_route=\/wp\/v2\/pages\/776\/revisions\/933"}],"wp:attachment":[{"href":"https:\/\/rosarioyoracion.com\/index.php?rest_route=%2Fwp%2Fv2%2Fmedia&parent=776"}],"curies":[{"name":"wp","href":"https:\/\/api.w.org\/{rel}","templated":true}]}}

Nuestro Padre Jesús de la Oración en el Huerto

<div data-elementor-type="wp-page" data-elementor-id="776" class="elementor elementor-776" data-elementor-post-type="page">
				<div class="elementor-element elementor-element-5b2a7ea5 e-flex e-con-boxed e-con e-parent" data-id="5b2a7ea5" data-element_type="container" data-e-type="container">
					<div class="e-con-inner">
				<div class="elementor-element elementor-element-20db346 elementor-widget elementor-widget-image" data-id="20db346" data-element_type="widget" data-e-type="widget" data-widget_type="image.default">
				<div class="elementor-widget-container">
															<img fetchpriority="high" decoding="async" width="800" height="616" src="https://rosarioyoracion.com/wp-content/uploads/2023/11/slider1-1024x788.png" class="attachment-large size-large wp-image-280" alt="" srcset="https://rosarioyoracion.com/wp-content/uploads/2023/11/slider1-1024x788.png 1024w, https://rosarioyoracion.com/wp-content/uploads/2023/11/slider1-300x231.png 300w, https://rosarioyoracion.com/wp-content/uploads/2023/11/slider1-768x591.png 768w, https://rosarioyoracion.com/wp-content/uploads/2023/11/slider1.png 1066w" sizes="(max-width: 800px) 100vw, 800px" />															</div>
				</div>
				<div class="elementor-element elementor-element-56474dc2 elementor-widget elementor-widget-text-editor" data-id="56474dc2" data-element_type="widget" data-e-type="widget" data-widget_type="text-editor.default">
				<div class="elementor-widget-container">
									“<em>Entonces vino Jesús con ellos a un lugar llamado Getsemaní y les dijo: Sentaos aquí mientras voy a orar. Y tomando a Pedro y a los dos hijos de Zebedeo comenzó a entristecerse y a angustiarse. Entonces les dijo: Triste está mi alma hasta la muerte; quedaos aquí y velad conmigo. Y adelantándose un poco se postró sobre su rostro, orando y diciendo: Padre mío si es posible que pase de mí este cáliz; sin embargo no se haga como yo quiero sino como quieres tú.”</em> Mateo 26, 36-39.
<div>

Este pasaje Evangélico tiene como Prefiguras Bíblicas en el Antiguo Testamento al Profeta Elías reconfortado por un ángel a la sombra de un enebro y también a Abraham aceptando el sacrificio de su hijo Isaac.

</div>
La imagen del Santísimo Cristo representa a Jesús orando en el huerto de los olivos, mientras es confortado por un ángel. Jesús se muestra arrodillado, con la mirada hacia arriba y las manos abiertas en actitud de plegaria. Sufre la hematidrosis, sudor de sangre provocado por la angustia del amargo momento.
<div>

Completa su misterio un ángel confortador y los apóstoles Juan, Pedro y Santiago que aparecen dormidos.

</div>								</div>
				</div>
					</div>
				</div>
		<div class="elementor-element elementor-element-08c5048 e-flex e-con-boxed e-con e-parent" data-id="08c5048" data-element_type="container" data-e-type="container">
					<div class="e-con-inner">
					</div>
				</div>
				</div>

<p>“Entonces vino Jesús con ellos a un lugar llamado Getsemaní y les dijo: Sentaos aquí mientras voy a orar. Y tomando a Pedro y a los dos hijos de Zebedeo comenzó a entristecerse y a angustiarse. Entonces les dijo: Triste está mi alma hasta la muerte; quedaos aquí y velad conmigo. Y adelantándose un poco [&hellip;]</p>
