{"id":780,"date":"2023-12-01T13:37:27","date_gmt":"2023-12-01T13:37:27","guid":{"rendered":"https:\/\/rosarioyoracion.com\/?page_id=780"},"modified":"2023-12-08T07:25:14","modified_gmt":"2023-12-08T07:25:14","slug":"san-juan-bosco","status":"publish","type":"page","link":"https:\/\/rosarioyoracion.com\/?page_id=780","title":{"rendered":"San Juan Bosco"},"content":{"rendered":"\t\t<div data-elementor-type=\"wp-page\" data-elementor-id=\"780\" class=\"elementor elementor-780\" data-elementor-post-type=\"page\">\n\t\t\t\t<div class=\"elementor-element elementor-element-1d6f7d4 e-flex e-con-boxed e-con e-parent\" data-id=\"1d6f7d4\" data-element_type=\"container\" data-e-type=\"container\">\n\t\t\t\t\t<div class=\"e-con-inner\">\n\t\t\t\t<div class=\"elementor-element elementor-element-a6d9879 elementor-widget elementor-widget-image\" data-id=\"a6d9879\" data-element_type=\"widget\" data-e-type=\"widget\" data-widget_type=\"image.default\">\n\t\t\t\t<div class=\"elementor-widget-container\">\n\t\t\t\t\t\t\t\t\t\t\t\t\t\t\t<img fetchpriority=\"high\" decoding=\"async\" width=\"800\" height=\"616\" src=\"https:\/\/rosarioyoracion.com\/wp-content\/uploads\/2023\/11\/slider3-1024x788.png\" class=\"attachment-large size-large wp-image-282\" alt=\"\" srcset=\"https:\/\/rosarioyoracion.com\/wp-content\/uploads\/2023\/11\/slider3-1024x788.png 1024w, https:\/\/rosarioyoracion.com\/wp-content\/uploads\/2023\/11\/slider3-300x231.png 300w, https:\/\/rosarioyoracion.com\/wp-content\/uploads\/2023\/11\/slider3-768x591.png 768w, https:\/\/rosarioyoracion.com\/wp-content\/uploads\/2023\/11\/slider3.png 1066w\" sizes=\"(max-width: 800px) 100vw, 800px\" \/>\t\t\t\t\t\t\t\t\t\t\t\t\t\t\t<\/div>\n\t\t\t\t<\/div>\n\t\t\t\t\t<\/div>\n\t\t\t\t<\/div>\n\t\t<div class=\"elementor-element elementor-element-b09d779 e-flex e-con-boxed e-con e-parent\" data-id=\"b09d779\" data-element_type=\"container\" data-e-type=\"container\">\n\t\t\t\t\t<div class=\"e-con-inner\">\n\t\t\t\t<div class=\"elementor-element elementor-element-1d09ad0 elementor-widget elementor-widget-text-editor\" data-id=\"1d09ad0\" data-element_type=\"widget\" data-e-type=\"widget\" data-widget_type=\"text-editor.default\">\n\t\t\t\t<div class=\"elementor-widget-container\">\n\t\t\t\t\t\t\t\t\t<p>El Santo fundador de los Salesianos es Titular de la Hermandad desde sus or\u00edgenes. La imagen es una talla completa en madera tallada, policromada, encarnada y estofada realizada por el escultor Juan Luis Vasallo Parodi en 1956. Representa al santo italiano vestido con sotana y esclavina en actitud itinerante inclin\u00e1ndose levemente hacia la figura del ni\u00f1o que le acompa\u00f1a en el lado izquierdo. Este alumno dirige su mirada hacia la mano derecha del Santo que, levantada y en actitud declamatoria, subraya su mensaje educativo al ni\u00f1o que mira embobado portando una ramo de flores como ofrenda a la Virgen. La imagen pertenece a la Congregaci\u00f3n Salesiana.<\/p>\t\t\t\t\t\t\t\t<\/div>\n\t\t\t\t<\/div>\n\t\t\t\t\t<\/div>\n\t\t\t\t<\/div>\n\t\t\t\t<\/div>\n\t\t","protected":false},"excerpt":{"rendered":"<p>El Santo fundador de los Salesianos es Titular de la Hermandad desde sus or\u00edgenes. La imagen es una talla completa en madera tallada, policromada, encarnada y estofada realizada por el escultor Juan Luis Vasallo Parodi en 1956. Representa al santo italiano vestido con sotana y esclavina en actitud itinerante inclin\u00e1ndose levemente hacia la figura del [&hellip;]<\/p>\n","protected":false},"author":2,"featured_media":0,"parent":0,"menu_order":0,"comment_status":"closed","ping_status":"closed","template":"","meta":{"_monsterinsights_skip_tracking":false,"_monsterinsights_sitenote_active":false,"_monsterinsights_sitenote_note":"","_monsterinsights_sitenote_category":0,"footnotes":""},"class_list":["post-780","page","type-page","status-publish","hentry"],"jetpack_sharing_enabled":true,"_links":{"self":[{"href":"https:\/\/rosarioyoracion.com\/index.php?rest_route=\/wp\/v2\/pages\/780","targetHints":{"allow":["GET"]}}],"collection":[{"href":"https:\/\/rosarioyoracion.com\/index.php?rest_route=\/wp\/v2\/pages"}],"about":[{"href":"https:\/\/rosarioyoracion.com\/index.php?rest_route=\/wp\/v2\/types\/page"}],"author":[{"embeddable":true,"href":"https:\/\/rosarioyoracion.com\/index.php?rest_route=\/wp\/v2\/users\/2"}],"replies":[{"embeddable":true,"href":"https:\/\/rosarioyoracion.com\/index.php?rest_route=%2Fwp%2Fv2%2Fcomments&post=780"}],"version-history":[{"count":4,"href":"https:\/\/rosarioyoracion.com\/index.php?rest_route=\/wp\/v2\/pages\/780\/revisions"}],"predecessor-version":[{"id":942,"href":"https:\/\/rosarioyoracion.com\/index.php?rest_route=\/wp\/v2\/pages\/780\/revisions\/942"}],"wp:attachment":[{"href":"https:\/\/rosarioyoracion.com\/index.php?rest_route=%2Fwp%2Fv2%2Fmedia&parent=780"}],"curies":[{"name":"wp","href":"https:\/\/api.w.org\/{rel}","templated":true}]}}