{"id":795,"date":"2023-12-01T13:53:41","date_gmt":"2023-12-01T13:53:41","guid":{"rendered":"https:\/\/rosarioyoracion.com\/?page_id=795"},"modified":"2026-03-03T10:54:48","modified_gmt":"2026-03-03T10:54:48","slug":"normas-de-la-estacion-de-penitencia","status":"publish","type":"page","link":"https:\/\/rosarioyoracion.com\/?page_id=795","title":{"rendered":"Normas de la Estaci\u00f3n de Penitencia"},"content":{"rendered":"\t\t<div data-elementor-type=\"wp-page\" data-elementor-id=\"795\" class=\"elementor elementor-795\" data-elementor-post-type=\"page\">\n\t\t\t\t\t\t<section class=\"elementor-section elementor-top-section elementor-element elementor-element-izkow94 elementor-section-content-top elementor-section-boxed elementor-section-height-default elementor-section-height-default\" data-id=\"izkow94\" data-element_type=\"section\" data-e-type=\"section\" data-settings=\"{&quot;background_background&quot;:&quot;classic&quot;}\">\n\t\t\t\t\t\t\t<div class=\"elementor-background-overlay\"><\/div>\n\t\t\t\t\t\t\t<div class=\"elementor-container elementor-column-gap-no\">\n\t\t\t\t\t<div class=\"elementor-column elementor-col-100 elementor-top-column elementor-element elementor-element-5312e3d\" data-id=\"5312e3d\" data-element_type=\"column\" data-e-type=\"column\">\n\t\t\t<div class=\"elementor-widget-wrap elementor-element-populated\">\n\t\t\t\t\t\t<div class=\"elementor-element elementor-element-f8e2218 elementor-widget elementor-widget-heading\" data-id=\"f8e2218\" data-element_type=\"widget\" data-e-type=\"widget\" data-widget_type=\"heading.default\">\n\t\t\t\t<div class=\"elementor-widget-container\">\n\t\t\t\t\t<h2 class=\"elementor-heading-title elementor-size-default\">Domingo de Ramos 2026<\/h2>\t\t\t\t<\/div>\n\t\t\t\t<\/div>\n\t\t\t\t\t<\/div>\n\t\t<\/div>\n\t\t\t\t\t<\/div>\n\t\t<\/section>\n\t\t<div class=\"elementor-element elementor-element-27c68ff e-flex e-con-boxed e-con e-parent\" data-id=\"27c68ff\" data-element_type=\"container\" data-e-type=\"container\">\n\t\t\t\t\t<div class=\"e-con-inner\">\n\t\t<div class=\"elementor-element elementor-element-2d02ab6 e-con-full e-flex e-con e-child\" data-id=\"2d02ab6\" data-element_type=\"container\" data-e-type=\"container\">\n\t\t\t\t<div class=\"elementor-element elementor-element-32c74f8 elementor-widget elementor-widget-image\" data-id=\"32c74f8\" data-element_type=\"widget\" data-e-type=\"widget\" data-widget_type=\"image.default\">\n\t\t\t\t<div class=\"elementor-widget-container\">\n\t\t\t\t\t\t\t\t\t\t\t\t\t\t\t<img fetchpriority=\"high\" decoding=\"async\" width=\"410\" height=\"1024\" src=\"https:\/\/rosarioyoracion.com\/wp-content\/uploads\/2026\/03\/InfoDomingodeRamos-410x1024.png\" class=\"attachment-large size-large wp-image-2240\" alt=\"\" srcset=\"https:\/\/rosarioyoracion.com\/wp-content\/uploads\/2026\/03\/InfoDomingodeRamos-410x1024.png 410w, https:\/\/rosarioyoracion.com\/wp-content\/uploads\/2026\/03\/InfoDomingodeRamos-120x300.png 120w, https:\/\/rosarioyoracion.com\/wp-content\/uploads\/2026\/03\/InfoDomingodeRamos-768x1920.png 768w, https:\/\/rosarioyoracion.com\/wp-content\/uploads\/2026\/03\/InfoDomingodeRamos.png 800w\" sizes=\"(max-width: 410px) 100vw, 410px\" \/>\t\t\t\t\t\t\t\t\t\t\t\t\t\t\t<\/div>\n\t\t\t\t<\/div>\n\t\t\t\t<\/div>\n\t\t<div class=\"elementor-element elementor-element-02b11cb e-con-full e-flex e-con e-child\" data-id=\"02b11cb\" data-element_type=\"container\" data-e-type=\"container\">\n\t\t\t\t<div class=\"elementor-element elementor-element-d8330f0 elementor-widget elementor-widget-text-editor\" data-id=\"d8330f0\" data-element_type=\"widget\" data-e-type=\"widget\" data-widget_type=\"text-editor.default\">\n\t\t\t\t<div class=\"elementor-widget-container\">\n\t\t\t\t\t\t\t\t\t<h2><span style=\"color: #000000;\"><b>Salida desde el atrio<br \/><\/b><\/span><\/h2><p><span style=\"color: #000000;\">El Domingo de Ramos, ser\u00e1 habilitado un <b>espacio limitado con sillas en el atrio de la Capilla<\/b> para contemplar la salida de la cofrad\u00eda. Aunque las plazas son muy limitadas y ser\u00e1 destinado principalmente a <b>personas mayores, enfermos o con dificultades de movilidad<\/b>, los hermanos que lo deseen pueden solicitar el acceso a este lugar durante las fechas de reparto de papeletas de sitio.<\/span><\/p><p><span style=\"color: #000000;\"><b>Ma\u00f1ana del Domingo de Ramos.<\/b> La Capilla se abrir\u00e1 a las <b>9,00 h. A las 10,30 h<\/b>. tendr\u00e1 lugar la Procesi\u00f3n de Palmas y la Eucarist\u00eda, tras la que comenzar\u00e1n la visitas de Hermandades e Instituciones. <b>La Capilla se cerrar\u00e1 a las<\/b> <b>13,30 horas para preparar la Estaci\u00f3n de Penitencia<\/b>.<\/span><\/p><h2><span style=\"color: #000000;\"><b>Acceso al patio el Domingo de Ramos<\/b><\/span><\/h2><p><span style=\"color: #000000;\">Los hermanos que realicen la Estaci\u00f3n de Penitencia, deber\u00e1n <b>acceder por la puerta verde de la callejuela del Carmen a la Casa Salesiana<\/b> entre las <b>17:00h y las 18:00h<\/b>, acreditando junto a la<b> Papeleta de Sitio su Documento Nacional de Identidad<\/b>. Este mismo horario ser\u00e1 el que est\u00e9 disponible para todas las personas que deseen tener un momento de oraci\u00f3n ante nuestros Titulares antes de la Estaci\u00f3n de Penitencia. <b>El rezo del Santo Rosario se realizar\u00e1 a las 17:30 h<\/b>.\u00a0 La <b>salida<\/b> de la cofrad\u00eda ser\u00e1 a las <b>18:30h<\/b>.<\/span><\/p><p><span style=\"color: #000000;\">Al estar en un centro educativo <b>queda terminantemente prohibido fumar<\/b>. Para no perturbar el discurrir de la cofrad\u00eda, tambi\u00e9n queda <b>prohibido el uso de carritos de beb\u00e9 dentro del cortejo procesional<\/b>.<\/span><\/p><p><span style=\"color: #000000;\"><b>Los menores de doce a\u00f1os<\/b> podr\u00e1n estar <b>acompa\u00f1ados de un adulto y los hermanos menores de 8 a\u00f1os portar\u00e1n una acreditaci\u00f3n identificativa, donde aparecer\u00e1 su nombre y el tel\u00e9fono de contacto de padres o tutores<\/b>, que ser\u00e1n sus responsables. Los acompa\u00f1antes deber\u00e1n portar la papeleta de sitio.<\/span><\/p><h2><span style=\"color: #000000;\"><b>Solicitudes de puestos de cofrad\u00eda<\/b><\/span><\/h2><p><span style=\"color: #000000;\">El per\u00edodo de <b>solicitud de insignias<\/b> comenzar\u00e1 el <b>mi\u00e9rcoles 18 de febrero y finalizar\u00e1 el domingo 1 de marzo<\/b>. Podr\u00e1 realizarse con el papel adjunto al bolet\u00edn, que tambi\u00e9n estar\u00e1 disponible en la web para poder rellenarlo, a trav\u00e9s del portal del hermano y de un formulario que se expondr\u00e1 en redes sociales. El documento f\u00edsico pueden entregarlo en la Hermandad en periodo de atenci\u00f3n a hermanos de secretar\u00eda y mayordom\u00eda o a trav\u00e9s del siguiente email: <a style=\"color: #000000;\" href=\"mailto:diputadomayordegobierno@rosarioyoracion.com\">diputadomayordegobierno@rosarioyoracion.com<\/a> .<\/span><\/p><div>\u00a0<\/div><div>\u00a0<\/div><div>\u00a0<\/div>\t\t\t\t\t\t\t\t<\/div>\n\t\t\t\t<\/div>\n\t\t\t\t<\/div>\n\t\t\t\t\t<\/div>\n\t\t\t\t<\/div>\n\t\t<div class=\"elementor-element elementor-element-4ac9e82 e-flex e-con-boxed e-con e-parent\" data-id=\"4ac9e82\" data-element_type=\"container\" data-e-type=\"container\">\n\t\t\t\t\t<div class=\"e-con-inner\">\n\t\t\t\t<div class=\"elementor-element elementor-element-bf8eb71 elementor-widget elementor-widget-text-editor\" data-id=\"bf8eb71\" data-element_type=\"widget\" data-e-type=\"widget\" data-widget_type=\"text-editor.default\">\n\t\t\t\t<div class=\"elementor-widget-container\">\n\t\t\t\t\t\t\t\t\t<h1><b>Papeletas de sitio 2026<\/b><\/h1><p>El <b>reparto de papeletas de sitio<\/b> se realizar\u00e1 <b>del 9 de marzo al 21 de marzo<\/b> de <b>19:30h a 21:30h<\/b>, salvo el d\u00eda 20 de marzo con motivo de la Solemne Subida del Se\u00f1or al paso procesional.\u00a0<\/p><p>\u00a0<\/p><p>Los <b>s\u00e1bados, 14 de marzo y 21 de marzo<\/b>, el horario de apertura ser\u00e1 de <b>11:00h a 12:30h<\/b>.\u00a0<\/p><p>\u00a0<\/p><p>Si alg\u00fan hermano no puede recoger su papeleta en los horarios establecidos puede contactar al email de <a href=\"mailto:diputadomayordegobierno@rosarioyoracion.com\">diputadomayordegobierno@rosarioyoracion.com<\/a><\/p><p>\u00a0<\/p><p>Desde este a\u00f1o los hermanos que <b>porten cirios o cruces <\/b>tienen a su disposici\u00f3n en el Portal del Hermano la posibilidad de poder <b>sacar su papeleta de sitio y pagarla mediante pasarela de pago o bizum<\/b> y tan solo tendr\u00e1 que recoger su papeleta de sitio\u00a0 en una fila especial para ello.\u00a0<\/p><p>\u00a0<\/p><p><b>Se reservar\u00e1n los puestos de cofrad\u00eda hasta el mi\u00e9rcoles 11 de marzo<\/b>. A partir del lunes 16 de marzo, se repartir\u00e1n por <b>riguroso orden de antig\u00fcedad<\/b> a aquellos hermanos que hayan cumplimentado la solicitud de insignias, <b>quedando reservados hasta el mi\u00e9rcoles 18 de marzo<\/b> y siendo informados por los medios indicados por el hermano en la solicitud, durante el fin de semana del 13 al 15 de marzo.<\/p><p>\u00a0<\/p><p>Las\u00a0 <b>maniguetas y las bocinas<\/b> que se encuentran en torno a Nuestros Titulares ser\u00e1n <b>asignadas por el Diputado Mayor de Gobierno<\/b> de forma <b>rotatoria exclusivamente por un a\u00f1o<\/b>,\u00a0 <b>no pudiendo portar esa misma insignia durante los dos a\u00f1os siguientes<\/b>. Dichas insignias podr\u00e1n ser asignadas <b>cumpliendo los siguientes criterios<\/b>:<\/p><p><br \/><i><\/i><\/p><ul><li aria-level=\"1\">Se adjudicar\u00e1 los puestos a los hermanos con mayor antig\u00fcedad.<\/li><\/ul><ul><li aria-level=\"1\">Se podr\u00e1 solicitar en el per\u00edodo establecido previo al reparto de papeletas.<\/li><\/ul><ul><li aria-level=\"1\">Deber\u00e1 haber realizado\u00a0 Estaci\u00f3n de Penitencia en los \u00faltimos tres a\u00f1os.<\/li><\/ul><ul><li aria-level=\"1\">El hermano deber\u00e1 recoger su papeleta de sitio en el plazo indicado a los hermanos. Si transcurrido esas fechas no se tiene notificaci\u00f3n alguna por parte del hermano, el puesto pasar\u00e1 a vacante y a disposici\u00f3n del Diputado Mayor de Gobierno.<\/li><\/ul><ul><li aria-level=\"1\">Las solicitudes podr\u00e1n realizarse de forma telem\u00e1tica, a trav\u00e9s del portal del Hermano o de forma presencial cumplimentando un formulario.<\/li><\/ul><p>\u00a0<\/p><p>Dichas insignias, una vez concluido este plazo, ser\u00e1n puestas a disposici\u00f3n y se repartir\u00e1n por riguroso orden de antig\u00fcedad entre aquellos hermanos que hayan presentado la solicitud correspondiente a trav\u00e9s de los medios oficiales.<\/p><p>\u00a0<\/p><p>Las <b>listas de cofrad\u00eda<\/b> ser\u00e1n publicadas como viene siendo tradicional el <b>S\u00e1bado de Pasi\u00f3n antes de la misa Preparatoria de nuestra Estaci\u00f3n de Penitencia<\/b>.<\/p><p><br \/>Los hermanos nazarenos menores que porten <b>varitas<\/b> depositar\u00e1n una <b>fianza de 50<\/b> <b>euros<\/b> que <b>se devolver\u00e1 del 6 al 10 de abril<\/b> en horario de Atenci\u00f3n al Hermano estando la varita en perfecto estado.<\/p><p>\u00a0<\/p>\t\t\t\t\t\t\t\t<\/div>\n\t\t\t\t<\/div>\n\t\t\t\t<div class=\"elementor-element elementor-element-19f158f elementor-widget elementor-widget-text-editor\" data-id=\"19f158f\" data-element_type=\"widget\" data-e-type=\"widget\" data-widget_type=\"text-editor.default\">\n\t\t\t\t<div class=\"elementor-widget-container\">\n\t\t\t\t\t\t\t\t\t<h2><span style=\"color: #000000;\"><b>Reuni\u00f3n informativa con padres de ni\u00f1os que se visten por primera vez y monaguillos.<br \/><\/b><\/span><\/h2><p><span style=\"color: #000000;\">La Hermandad lleva trabajando mucho tiempo para que los hermanos nazarenos m\u00e1s peque\u00f1os y monaguillos, disfruten al m\u00e1ximo de la Estaci\u00f3n de Penitencia, sin perjuicio de la seguridad de los mismos y del buen discurrir del cortejo procesional. Por ello, <b>se convoca una reuni\u00f3n de la Diputaci\u00f3n Mayor de Gobierno con los padres\/madres o tutores de \u00e9stos<\/b>. El objetivo de la misma es informar a los padres\/tutores sobre distintos aspectos de la Estaci\u00f3n de Penitencia y recibir cualquier tipo de sugerencia o resolver las dudas que ayude a que los ni\u00f1os disfruten al m\u00e1ximo de la Estaci\u00f3n de Penitencia con la m\u00e1xima seguridad.<\/span><\/p><p><span style=\"color: #000000;\"><b>Se cita a todas las familias el 21 de marzo a las 12:00 horas<\/b> para la reuni\u00f3n. La asistencia es <b>obligatoria<\/b> para los padres, madres o tutores legales. En esta reuni\u00f3n <b>se har\u00e1 entrega de la Papeleta de Sitio<\/b> a los <b>hermanos monaguillos<\/b> y a los <b>hermanos que vistan por primera vez el h\u00e1bito de nazareno<\/b>.<\/span><\/p><p>\u00a0<\/p><h2><span style=\"color: #000000;\"><b>Calendario<\/b><\/span><\/h2><table><thead><tr><th><p>18\/02 &#8211; 01\/03<\/p><\/th><th><p><span style=\"color: #000000;\">Solicitudes de <b>puestos de la cofrad\u00eda<\/b><\/span><\/p><\/th><\/tr><tr><th><p>03\/03 &#8211; 12\/03<\/p><\/th><th><p><span style=\"color: #000000;\">Cambios de <b>t\u00fanicas<\/b> de la hermandad y venta de <b>capirotes<\/b><\/span><\/p><\/th><\/tr><tr><th><p><span style=\"color: #000000;\">09\/03 <\/span><\/p><\/th><th><p><span style=\"color: #000000;\"><b>Comienzo<\/b> reparto papeletas de sitio<\/span><\/p><\/th><\/tr><tr><th><p>09\/03 &#8211; 11\/03<\/p><\/th><th><p><span style=\"color: #000000;\">Recogida de papeletas de sitio de <b>insignias<\/b><\/span><\/p><\/th><\/tr><tr><th><p>16\/03 -18\/03<\/p><\/th><th><p><span style=\"color: #000000;\">Recogida papeletas de sitio de <b>nuevas adjudicaciones<\/b><\/span><\/p><\/th><\/tr><tr><th><p>\u00a0<\/p><p>21\/03<\/p><\/th><th><p><span style=\"color: #000000;\"><b>Final<\/b> de reparto de papeletas de sitio<\/span><\/p><p>\u00a0<\/p><p><span style=\"color: #000000;\"><b>REUNI\u00d3N INFORMATIVA<\/b> monaguillos y hermanos que vistan el h\u00e1bito de nazareno por primera vez &#8211; 12:00<\/span><\/p><\/th><\/tr><\/thead><tbody><tr><td><p>06\/04 &#8211; 10\/04<\/p><\/td><td><p><span style=\"color: #000000;\">Devoluci\u00f3n de fianza de <b>varitas<\/b><\/span><\/p><\/td><\/tr><\/tbody><\/table><h2><span style=\"color: #000000;\"><b>Horario de apertura<br \/><\/b><\/span><\/h2><p><b>De lunes a viernes<\/b> de 19:30h &#8211; 21:30h<\/p><p><b>S\u00e1bados<\/b> de 11:00h &#8211; 12:30h<\/p><p><b>Viernes 20 de marzo no se abrir\u00e1 por la Subida Solemne del Se\u00f1or al paso procesional.<\/b><\/p><p>\u00a0<\/p>\t\t\t\t\t\t\t\t<\/div>\n\t\t\t\t<\/div>\n\t\t\t\t\t<\/div>\n\t\t\t\t<\/div>\n\t\t\t\t<\/div>\n\t\t","protected":false},"excerpt":{"rendered":"<p>Domingo de Ramos 2026 Salida desde el atrio El Domingo de Ramos, ser\u00e1 habilitado un espacio limitado con sillas en el atrio de la Capilla para contemplar la salida de la cofrad\u00eda. Aunque las plazas son muy limitadas y ser\u00e1 destinado principalmente a personas mayores, enfermos o con dificultades de movilidad, los hermanos que lo [&hellip;]<\/p>\n","protected":false},"author":2,"featured_media":0,"parent":0,"menu_order":0,"comment_status":"closed","ping_status":"closed","template":"","meta":{"_monsterinsights_skip_tracking":false,"_monsterinsights_sitenote_active":false,"_monsterinsights_sitenote_note":"","_monsterinsights_sitenote_category":0,"footnotes":""},"class_list":["post-795","page","type-page","status-publish","hentry"],"jetpack_sharing_enabled":true,"_links":{"self":[{"href":"https:\/\/rosarioyoracion.com\/index.php?rest_route=\/wp\/v2\/pages\/795","targetHints":{"allow":["GET"]}}],"collection":[{"href":"https:\/\/rosarioyoracion.com\/index.php?rest_route=\/wp\/v2\/pages"}],"about":[{"href":"https:\/\/rosarioyoracion.com\/index.php?rest_route=\/wp\/v2\/types\/page"}],"author":[{"embeddable":true,"href":"https:\/\/rosarioyoracion.com\/index.php?rest_route=\/wp\/v2\/users\/2"}],"replies":[{"embeddable":true,"href":"https:\/\/rosarioyoracion.com\/index.php?rest_route=%2Fwp%2Fv2%2Fcomments&post=795"}],"version-history":[{"count":22,"href":"https:\/\/rosarioyoracion.com\/index.php?rest_route=\/wp\/v2\/pages\/795\/revisions"}],"predecessor-version":[{"id":2243,"href":"https:\/\/rosarioyoracion.com\/index.php?rest_route=\/wp\/v2\/pages\/795\/revisions\/2243"}],"wp:attachment":[{"href":"https:\/\/rosarioyoracion.com\/index.php?rest_route=%2Fwp%2Fv2%2Fmedia&parent=795"}],"curies":[{"name":"wp","href":"https:\/\/api.w.org\/{rel}","templated":true}]}}