{"id":799,"date":"2023-12-01T13:54:24","date_gmt":"2023-12-01T13:54:24","guid":{"rendered":"https:\/\/rosarioyoracion.com\/?page_id=799"},"modified":"2025-02-07T18:37:41","modified_gmt":"2025-02-07T18:37:41","slug":"secretaria","status":"publish","type":"page","link":"https:\/\/rosarioyoracion.com\/?page_id=799","title":{"rendered":"Secretar\u00eda"},"content":{"rendered":"\t\t<div data-elementor-type=\"wp-page\" data-elementor-id=\"799\" class=\"elementor elementor-799\" data-elementor-post-type=\"page\">\n\t\t\t\t<div class=\"elementor-element elementor-element-b2b9e1e e-flex e-con-boxed e-con e-parent\" data-id=\"b2b9e1e\" data-element_type=\"container\" data-e-type=\"container\">\n\t\t\t\t\t<div class=\"e-con-inner\">\n\t\t\t\t<div class=\"elementor-element elementor-element-9b6f89d elementor-widget elementor-widget-text-editor\" data-id=\"9b6f89d\" data-element_type=\"widget\" data-e-type=\"widget\" data-widget_type=\"text-editor.default\">\n\t\t\t\t<div class=\"elementor-widget-container\">\n\t\t\t\t\t\t\t\t\t<p>La Secretar\u00eda de la Hermandad del Rosario de Alcal\u00e1 de Guada\u00edra es el \u00f3rgano encargado de dar fe en todos los actos corporativos y de gobierno de la Hermandad. Se ocupa de recibir las solicitudes de ingreso de nuevos hermanos, as\u00ed como de gestionar los libros de inscripci\u00f3n, actas y las bajas, ya sean provisionales o definitivas.<\/p><p>Adem\u00e1s, tiene la responsabilidad de toda la correspondencia oficial y del archivo de la Hermandad, asegurando la conservaci\u00f3n de todos los documentos generados. Junto con el mayordomo, se encarga de emitir las papeletas de sitio y elaborar la n\u00f3mina de los hermanos que participar\u00e1n en la Procesi\u00f3n Penitencial.<\/p><p>La Secretar\u00eda est\u00e1 conformada por un secretario primero y un secretario segundo, quien asiste al primero en sus funciones y lo sustituye en caso de ausencia o vacante.<\/p>\t\t\t\t\t\t\t\t<\/div>\n\t\t\t\t<\/div>\n\t\t\t\t\t<\/div>\n\t\t\t\t<\/div>\n\t\t<div class=\"elementor-element elementor-element-7924c86 e-flex e-con-boxed e-con e-parent\" data-id=\"7924c86\" data-element_type=\"container\" data-e-type=\"container\">\n\t\t\t\t\t<div class=\"e-con-inner\">\n\t\t\t\t<div class=\"elementor-element elementor-element-3c9c09b elementor-cta--skin-classic elementor-animated-content elementor-bg-transform elementor-bg-transform-zoom-in elementor-widget elementor-widget-call-to-action\" data-id=\"3c9c09b\" data-element_type=\"widget\" data-e-type=\"widget\" data-widget_type=\"call-to-action.default\">\n\t\t\t\t<div class=\"elementor-widget-container\">\n\t\t\t\t\t\t\t<div class=\"elementor-cta\">\n\t\t\t\t\t<div class=\"elementor-cta__bg-wrapper\">\n\t\t\t\t<div class=\"elementor-cta__bg elementor-bg\" style=\"background-image: url(https:\/\/rosarioyoracion.com\/wp-content\/uploads\/2024\/09\/Captura-de-Pantalla-2024-09-13-a-las-8.24.14.png);\" role=\"img\" aria-label=\"Captura-de-Pantalla-2024-09-13-a-las-8.24.14\"><\/div>\n\t\t\t\t<div class=\"elementor-cta__bg-overlay\"><\/div>\n\t\t\t<\/div>\n\t\t\t\t\t\t\t<div class=\"elementor-cta__content\">\n\t\t\t\t\n\t\t\t\t\n\t\t\t\t\t\t\t\t\t<div class=\"elementor-cta__description elementor-cta__content-item elementor-content-item\">\n\t\t\t\t\t\tSi desea hacerse hermano, puede hacerlo personarmente \u00a0rellenando el siguiente documento cumplimentado de lunes a jueves en Secretaria los martes y jueves en horario de \u00a019:30 a 21:00  o en horario de mayordom\u00eda lunes y mi\u00e9rcoles en horario de 19:00 a 20:30\t\t\t\t\t<\/div>\n\t\t\t\t\n\t\t\t\t\t\t\t\t\t<div class=\"elementor-cta__button-wrapper elementor-cta__content-item elementor-content-item \">\n\t\t\t\t\t<a class=\"elementor-cta__button elementor-button elementor-size-\" href=\"https:\/\/rosarioyoracion.com\/wp-content\/uploads\/2025\/02\/Solicitud-de-Hermano-Rosario.pdf\">\n\t\t\t\t\t\tDOCUMENTO DE SOLICITUD DE INGRESO\t\t\t\t\t<\/a>\n\t\t\t\t\t<\/div>\n\t\t\t\t\t\t\t<\/div>\n\t\t\t\t\t\t<\/div>\n\t\t\t\t\t\t<\/div>\n\t\t\t\t<\/div>\n\t\t\t\t\t<\/div>\n\t\t\t\t<\/div>\n\t\t\t\t<\/div>\n\t\t","protected":false},"excerpt":{"rendered":"<p>La Secretar\u00eda de la Hermandad del Rosario de Alcal\u00e1 de Guada\u00edra es el \u00f3rgano encargado de dar fe en todos los actos corporativos y de gobierno de la Hermandad. Se ocupa de recibir las solicitudes de ingreso de nuevos hermanos, as\u00ed como de gestionar los libros de inscripci\u00f3n, actas y las bajas, ya sean provisionales [&hellip;]<\/p>\n","protected":false},"author":2,"featured_media":0,"parent":0,"menu_order":0,"comment_status":"closed","ping_status":"closed","template":"","meta":{"_monsterinsights_skip_tracking":false,"_monsterinsights_sitenote_active":false,"_monsterinsights_sitenote_note":"","_monsterinsights_sitenote_category":0,"footnotes":""},"class_list":["post-799","page","type-page","status-publish","hentry"],"jetpack_sharing_enabled":true,"_links":{"self":[{"href":"https:\/\/rosarioyoracion.com\/index.php?rest_route=\/wp\/v2\/pages\/799","targetHints":{"allow":["GET"]}}],"collection":[{"href":"https:\/\/rosarioyoracion.com\/index.php?rest_route=\/wp\/v2\/pages"}],"about":[{"href":"https:\/\/rosarioyoracion.com\/index.php?rest_route=\/wp\/v2\/types\/page"}],"author":[{"embeddable":true,"href":"https:\/\/rosarioyoracion.com\/index.php?rest_route=\/wp\/v2\/users\/2"}],"replies":[{"embeddable":true,"href":"https:\/\/rosarioyoracion.com\/index.php?rest_route=%2Fwp%2Fv2%2Fcomments&post=799"}],"version-history":[{"count":19,"href":"https:\/\/rosarioyoracion.com\/index.php?rest_route=\/wp\/v2\/pages\/799\/revisions"}],"predecessor-version":[{"id":1444,"href":"https:\/\/rosarioyoracion.com\/index.php?rest_route=\/wp\/v2\/pages\/799\/revisions\/1444"}],"wp:attachment":[{"href":"https:\/\/rosarioyoracion.com\/index.php?rest_route=%2Fwp%2Fv2%2Fmedia&parent=799"}],"curies":[{"name":"wp","href":"https:\/\/api.w.org\/{rel}","templated":true}]}}